the remainder when 26378336 is divided by 2930925?
11
Calculate the remainder when 1585978246 is divided by 46.
44
Calculate the remainder when 164011737 is divided by 535.
532
What is the remainder when 93849 is divided by 93143?
706
What is the remainder when 7611533 is divided by 176?
61
What is the remainder when 1294125 is divided by 3751?
30
Calculate the remainder when 7101838 is divided by 116422.
96
Calculate the remainder when 13079672 is divided by 42.
32
What is the remainder when 45700787 is divided by 356?
355
What is the remainder when 9512492 is divided by 1585415?
2
What is the remainder when 20684809 is divided by 204800?
9
Calculate the remainder when 43149 is divided by 14355.
84
What is the remainder when 333297 is divided by 490?
97
Calculate the remainder when 387662 is divided by 16849.
135
What is the remainder when 115576 is divided by 12705?
1231
Calculate the remainder when 7545694 is divided by 6980.
314
What is the remainder when 3709578 is divided by 9?
3
What is the remainder when 21888 is divided by 271?
208
What is the remainder when 777391 is divided by 38869?
11
Calculate the remainder when 231017 is divided by 89.
62
Calculate the remainder when 409884 is divided by 16394.
34
What is the remainder when 131361 is divided by 4682?
265
Calculate the remainder when 248518 is divided by 49700.
18
Calculate the remainder when 5592113 is divided by 1342.
1341
Calculate the remainder when 2988031 is divided by 5768.
207
What is the remainder when 588567 is divided by 1425?
42
Calculate the remainder when 86426 is divided by 5840.
4666
What is the remainder when 5448612 is divided by 196?
8
Calculate the remainder when 5287879 is divided by 2577.
2452
Calculate the remainder when 5545073 is divided by 58.
41
Calculate the remainder when 76054 is divided by 75285.
769
What is the remainder when 1974472 is divided by 887?
10
Calculate the remainder when 1516127 is divided by 1501.
117
What is the remainder when 98503 is divided by 835?
808
What is the remainder when 18639766 is divided by 1214?
10
What is the remainder when 112221771 is divided by 544?
11
What is the remainder when 14410652 is divided by 864?
860
What is the remainder when 250761 is divided by 125316?
129
Calculate the remainder when 13861 is divided by 2874.
2365
What is the remainder when 748533 is divided by 249485?
78
What is the remainder when 3092955 is divided by 487?
18
Calculate the remainder when 3622157 is divided by 162.
161
What is the remainder when 66434042 is divided by 3893?
3890
Calculate the remainder when 535935 is divided by 107178.
45
What is the remainder when 6044373 is divided by 5470?
23
Calculate the remainder when 17837583 is divided by 495488.
15
What is the remainder when 1346081 is divided by 134607?
11
What is the remainder when 18239431 is divided by 6079810?
1
Calculate the remainder when 172683 is divided by 2878.
3
Calculate the remainder when 851223 is divided by 69.
39
Calculate the remainder when 26429806 is divided by 3919.
70
What is the remainder when 132239 is divided by 182?
107
Calculate the remainder when 11137697 is divided by 928140.
17
What is the remainder when 2901723 is divided by 327?
252
Calculate the remainder when 240088210 is divided by 39.
37
Calculate the remainder when 143394 is divided by 2905.
1049
What is the remainder when 8051821 is divided by 223661?
25
What is the remainder when 166683 is divided by 11075?
558
Calculate the remainder when 13881549 is divided by 231359.
9
Calculate the remainder when 279836 is divided by 46616.
140
Calculate the remainder when 62405235 is divided by 138.
117
Calculate the remainder when 168092947 is divided by 288.
19
Calculate the remainder when 759023 is divided by 6121.
19
Calculate the remainder when 8924628 is divided by 4031.
4025
Calculate the remainder when 20413 is divided by 1012.
173
Calculate the remainder when 3231571 is divided by 16.
3
Calculate the remainder when 521791 is divided by 5017.
23
Calculate the remainder when 5738041 is divided by 59.
55
Calculate the remainder when 579694 is divided by 289836.
22
What is the remainder when 5141119 is divided by 1802?
13
What is the remainder when 96141497 is divided by 500?
497
What is the remainder when 20619363 is divided by 185?
3
What is the remainder when 7023418 is divided by 31637?
4
Calculate the remainder when 616113 is divided by 87790.
1583
What is the remainder when 11283702 is divided by 7?
3
Calculate the remainder when 43462495 is divided by 150.
145
What is the remainder when 1381421 is divided by 460324?
449
What is the remainder when 481628 is divided by 4300?
28
What is the remainder when 220528 is divided by 55070?
248
What is the remainder when 251905676 is divided by 156?
152
Calculate the remainder when 24860593 is divided by 44.
21
What is the remainder when 4494150 is divided by 4493975?
175
What is the remainder when 3863347 is divided by 162?
133
What is the remainder when 37488260 is divided by 37488243?
17
Calculate the remainder when 14027674 is divided by 146.
140
Calculate the remainder when 435025 is divided by 20.
5
What is the remainder when 434657 is divided by 10315?
1427
Calculate the remainder when 834546 is divided by 834545.
1
Calculate the remainder when 225658 is divided by 89.
43
What is the remainder when 79234425 is divided by 41?
39
Calculate the remainder when 4930930 is divided by 456.
202
Calculate the remainder when 64105261 is divided by 8.
5
Calculate the remainder when 3304069 is divided by 69.
4
What is the remainder when 61174315 is divided by 134449?
20
Calculate the remainder when 3481915 is divided by 67.
59
Calculate the remainder when 913090 is divided by 165.
145
What is the remainder when 194865 is divided by 15459?
9357
Calculate the remainder when 779114 is divided by 5.
4
What is the remainder when 1083829638 is divided by 37?
34
Calculate the remainder when 212632 is divided by 1998.
844
What is the remainder when 528272 is divided by 1596?
1592
Calculate the remainder when 1350497 is divided by 135048.
17
Calculate the remainder when 1872332 is divided by 405.
17
Calculate the remainder when 395477916 is divided by 29.
15
What is the remainder when 105533 is divided by 4796?
21
What is the remainder when 9511346 is divided by 2377784?
210
What is the remainder when 3781005 is divided by 1936?
1933
What is the remainder when 523830 is divided by 174528?
246
What is the remainder when 99931157 is divided by 82656?
53
Calculate the remainder when 59773 is divided by 29712.
349
Calculate the remainder when 14153014 is divided by 96279.
1
What is the remainder when 329100 is divided by 10967?
90
Calculate the remainder when 17640133 is divided by 74.
13
Calculate the remainder when 2260491 is divided by 822.
813
Calculate the remainder when 9964633 is divided by 980.
973
Calculate the remainder when 21782095 is divided by 7260686.
37
Calculate the remainder when 350556975 is divided by 5488.
5487
Calculate the remainder when 1940279 is divided by 59.
5
Calculate the remainder when 790756 is divided by 869.
835
Calculate the remainder when 1471000 is divided by 85.
75
Calculate the remainder when 314790311 is divided by 181.
179
What is the remainder when 795514 is divided by 44181?
256
What is the remainder when 65799 is divided by 3198?
1839
Calculate the remainder when 15490 is divided by 3496.
1506
What is the remainder when 6767606 is divided by 1353516?
26
Calculate the remainder when 185579 is divided by 214.
41
What is the remainder when 92820 is divided by 202?
102
Calculate the remainder when 2736045 is divided by 109439.
70
Calculate the remainder when 329425300 is divided by 17.
14
What is the remainder when 309531 is divided by 830?
771
Calculate the remainder when 1323663 is divided by 12720.
783
Calculate the remainder when 39635 is divided by 4940.
115
Calculate the remainder when 7474464 is divided by 2374.
1112
Calculate the remainder when 115737840 is divided by 64.
48
What is the remainder when 4100434 is divided by 256277?
2
Calculate the remainder when 125366730 is divided by 50.
30
Calculate the remainder when 55558191 is divided by 494.
481
What is the remainder when 251233 is divided by 249?
241
Calcu